48. Let a be (18/15)/(4/d). Suppose 2*r - 6 = f - 4, a*f + 6 = r. Determine b(r).
-5
Let z(k) = -k + 7. Let i(r) = r - 2. Let s = -141 - -135. Let c(v) = 8*v + 49. Let m be c(s). Let w(o) = m*z(o) + 2*i(o). What is w(0)?
3
Let l(v) = -v**2 - 9*v - 4. Let h(q) = 29*q - 138. Let p be h(4). Let j be p/2 + (80 - 73). What is l(j)?
16
Let u(s) = -s**2 + 19*s + 3445. Let g be u(-50). Let b(n) = -2*n - 2 - 4 + 3*n. Determine b(g).
-11
Let o(n) be the first derivative of n**4/4 + 13*n**3/3 - 10*n - 139. Let q = -99 + 86. What is o(q)?
-10
Let d(a) = 15*a**3 - a**2 + 4*a - 3. Let q be 6*(-7 - 602/(-84)). Give d(q).
15
Let o(v) = 2*v - 2. Let p(t) = -t**2 + 13*t - 10. Let s be p(11). Suppose -s*q = 133 + 59. Let h be q/24*((-81)/(-6))/3. Give o(h).
-8
Let r be (2*(-2)/2)/(16 + -17). Suppose 3*f = f - 10, -3*p - 28 = r*f. Let i be 54/p - (-3)/1. Let n(x) = -x**3 - 7*x**2 - 7*x - 9. What is n(i)?
-3
Let r(c) = -c. Let b(k) = 2*k. Let s be -1 - (2 - 2) - 6/1. Let n(g) = s*r(g) - 3*b(g). Suppose -15*j = -2*j + 39. Calculate n(j).
-3
Let j(p) = 2*p**3 + 106*p**2 - 104*p + 224. Let c be j(-54). Let m(t) = -t**3 + 8*t**2 + t + 4. Give m(c).
12
Let m(z) = z - 17. Suppose 130 = -2951*w + 2977*w. Determine m(w).
-12
Let d be (-425)/34*(-4)/(-5). Let l(r) = 10*r. Give l(d).
-100
Let b(w) = -20*w**2. Let m be b(1). Let q be (-4 + 2)*(-114)/12. Let l = q + m. Let r(z) = -5*z**3 + z. What is r(l)?
4
Let u(v) = -v + 1. Let s = 50 + -40. Suppose -9*k - 5 = -s*k. Let p be 1/(-2)*(k + -3)*3. Give u(p).
4
Let x(c) = c + 11. Let m be x(-2). Suppose 2 = m*p + 2. Let f(a) = 2 - 4 - 6 + a. Calculate f(p).
-8
Let l(y) = -y**2 - 10*y - 11. Let u be -3*(-4)/(0 + -1). Let d be (-3)/(((-1)/8)/(4/u)). Determine l(d).
5
Let h = -476 - -479. Suppose 0 = 5*t - c - 29, c - 14 + 3 = -h*t. Let r(i) = -4*i + 4. Give r(t).
-16
Suppose b + 2*o - 11 = 0, -42*b - o + 9 = -45*b. Let h(g) = 65*g**2 - g. Give h(b).
66
Let a(b) = -13*b + 34. Let c be 4/10*(-1000)/(-100). Give a(c).
-18
Let x(y) = 115 + 118 - 231 - 4*y - y. Let h(k) = 8*k - 4. Let c(b) = -3*h(b) - 5*x(b). Suppose 0*m = -2*m - 10. What is c(m)?
-3
Let t = -21 - -18. Let p(k) = -6*k - 6260 + 3130 + 3128. Give p(t).
16
Suppose 215*o = 257*o + 336. Let i(b) = b**2 + 3*b - 25. Calculate i(o).
15
Let r(d) = 2*d + 6. Suppose 0 = 33*n + 6720 - 1572. Let i = n - -148. Calculate r(i).
-10
Let k(m) = m**3 + 8*m**2 - m + 18. Suppose -2*g = -i + 15, -2*g + 5*g + 2*i + 33 = 0. Calculate k(g).
-54
Let q(k) = k**3 + 3*k**2 - 17247*k + 17250*k - 4 + 13. What is q(-4)?
-19
Let n(m) be the third derivative of -3*m**4/8 + 3*m**3/2 + 4*m**2 + 482*m. Determine n(1).
0
Let b(v) be the first derivative of -v**4/4 - 10*v**3/3 - 3*v**2 + 12*v - 137. Let d = 0 - 9. Determine b(d).
-15
Let a(y) be the first derivative of y**4/4 - 2*y**3 - 3*y**2 - 2*y + 2. Let b be (-2)/(-2) + (-24)/6 + 10. Give a(b).
5
Suppose -w + j + 15 = 6*j, -5*w + 15 = -5*j. Suppose -5 = 2*u - 7, 2*d + 113 = -w*u. Let l = 61 + d. Let t(z) = z**3 - z**2 - 2*z. Calculate t(l).
0
Let p(c) be the second derivative of -c**3/6 + 7*c**2 - 456*c. Suppose -10*o + 9*o + 8 = 0. Determine p(o).
6
Let u be -45*(19 - (-2873)/(-153)). Let h(v) = -v**2 - 11*v - 12. Determine h(u).
-2
Let y be (-53)/(-4) + ((-950)/40)/19. Let b(f) = f**3 - 11*f**2 - 10*f + 11. Determine b(y).
35
Let m(j) = -4*j**2. Let b = 5587 + -5586. Calculate m(b).
-4
Let v(q) be the second derivative of 71*q + 2 + 5*q**2 + 5/3*q**3 - 1/12*q**4. Determine v(11).
-1
Let h(r) = 154*r + 119. Let n(g) = 46*g + 36. Let u(l) = -7*h(l) + 23*n(l). What is u(2)?
-45
Let y(g) = -g**2 + 6*g + 9. Let v be y(4). Let h = v - 11. Let j(u) = -7 - 10*u**2 + 15*u**2 + 2*u**3 + 8*u - 3*u**3. Calculate j(h).
5
Let w(v) = v**2 - 4*v + 5. Let z(y) = 14*y + 12. Let l be z(0). Let n be (-3 + (-44)/(-8))*24/l. Give w(n).
10
Let y(f) = f**2 - 5. Suppose 50 - 2 = 6*k. Let w be (60/(-12))/(1/k). Let r = w - -36. Give y(r).
11
Let u(p) = -1379753 - 2*p**2 + p + 1379753. Let s = -2 - -1. Calculate u(s).
-3
Let t(w) = w**2 + 6*w + 6. Suppose 2*i = 0, -2*r = -0*i + 2*i - 130. Let x = 58 - r. Determine t(x).
13
Let a(l) be the first derivative of l**4/4 - 4*l**3/3 + l**2/2 - 2*l + 680. Let b = -3 - -6. Suppose -2*j - b*m = j - 12, -4 = -3*j + m. Calculate a(j).
-8
Let d(o) be the third derivative of 2*o**4/3 - 103*o**3/3 - 99*o**2. Let z be d(13). Let s(i) = 6*i**2 - i + 1. Determine s(z).
23
Let k(f) = -2*f**3 - 34*f**2 - 34*f - 35. Suppose z = 3*b + 40, 3*b - 6*b + 5*z - 8 = 0. Calculate k(b).
-3
Let u(w) = -w**3 - 2*w**2 + 8*w - 7. Let r(p) = 3 + 397*p - 5 - 396*p + p**2. Let a(i) = 3*r(i) - u(i). Let k = -19 - -13. Calculate a(k).
-5
Let m(b) = 23*b**2 + 6*b + 1. Let w(p) = 19*p**2 + 8*p + 1. Let o(i) = 7*m(i) - 8*w(i). What is o(2)?
-9
Let r be (6 + -5)*-4*1. Let c(m) = -3*m**3 + 4*m**2 + 4*m + 2. Let h(g) = -5*g**3 + 8*g**2 + 8*g + 5. Let l(k) = r*h(k) + 7*c(k). Determine l(-4).
10
Let x be (-2)/(-15) - (15708/90)/(-11). Let c(i) = -271*i + 14 + 5*i**2 - x*i**2 + 270*i + 0*i**3 + i**3. What is c(11)?
3
Let u = -1144 - -1144. Let j be (12/(-21))/(2/(-7)). Let r(h) = 7 + 4 + 7*h**j - h - 8*h**2. Determine r(u).
11
Let f(w) be the third derivative of w**5/60 - w**3/3 + 138*w**2. Suppose -2*b + 0*h - 3*h - 3 = 0, 0 = -b - 4*h - 9. Suppose b*c - 8 = -2. Determine f(c).
2
Suppose -2*b = 2*b - d + 24, 20 = 5*d. Let a(o) be the first derivative of 3*o**2/2 + 3*o - 1293. What is a(b)?
-12
Suppose 6 = 12*d - 30 - 0. Let a(x) = -37*x + 8. What is a(d)?
-103
Let i(u) = -2*u**3 - 8*u**2 - 6*u - 22. Let g(p) = -551*p - 2208. Let a be g(-4). Determine i(a).
2
Let c(l) = 2*l**3 - l**2 + l + 2. Let v be c(-1). Let g(y) = y - 1. Let w(o) = -o + 2. Suppose -63 = -3*z - 45. Let r(f) = z*g(f) + 3*w(f). Give r(v).
-6
Let u(i) be the third derivative of -5*i**4/12 - 2*i**3/3 - 9*i**2 + i - 17. What is u(0)?
-4
Suppose 2*t - 62 = -4*w, 31 - 16 = w + t. Let o(u) = -6*u + 90. Let l be o(w). Let n(q) = 4*q + 19. What is n(l)?
-5
Let j(s) = -s**2 - 88*s - 839. Let i be j(-11). Let o(g) = g**3 - 7*g**2 - 10*g + 4. What is o(i)?
-12
Let k(s) = -3*s + 4. Suppose -440 = -8*j - 2*j. Let r(b) = -40*b - 1 - j*b + 85*b. Let v(u) = 4*k(u) + 11*r(u). Calculate v(4).
1
Let r(a) = -21*a - 1. Let p(n) = 247*n - 482. Let f(y) = p(y) + 4*r(y). Calculate f(3).
3
Let c(z) = -4*z - 17. Let x = -257 + 261. Suppose 18 - 2 = -x*q. Calculate c(q).
-1
Let c(a) = 375*a - 376. Let v be c(1). Let g(x) = 4*x - 5. Let n(h) = -h + 1. Let f(m) = 2*g(m) + 11*n(m). Calculate f(v).
4
Let d(q) be the first derivative of 3*q**2/2 - 9*q + 86. Let j(a) = -a**2 + 21*a - 80. Let r be j(6). Give d(r).
21
Suppose -4*v - 418 + 826 = 0. Let a be 516/(-51) - (-12)/v. Let f(z) = z**2 + 10*z - 7. Calculate f(a).
-7
Suppose 5 = -5*j + 2*m, -j + 71*m + 53 = 76*m. Let l(n) = 6*n**2 + 0 - 8*n + 3 + 1 - n**3. Determine l(j).
7
Let q = 12 - 0. Suppose u - 17 = 5*d, 5 = 4*u - 3*d - q. Let c(o) = -o**3 + 40*o + 2*o**2 - 36*o - 2*o**u - 3. Determine c(2).
-3
Let k = -96 + 303. Let a(b) = 1 + k*b - 103*b - 88*b. Give a(-1).
-15
Let f be (16 - 15)*(-7 - -2). Let j(a) = a**3 + 5*a**2 - 3*a - 2. Give j(f).
13
Let b(u) be the second derivative of -13*u**3/6 - 41*u**2/2 + 499*u. What is b(-3)?
-2
Let n(w) be the second derivative of 31*w**3/3 + 3*w**2/2 + 5016*w. Determine n(1).
65
Let t be -1 - (6/(-3) - 0). Let f be (13 - (12 - 4)) + t + -2. Let l(z) = -z + 8. Calculate l(f).
4
Let r(j) = -j**3 - 9*j**2 + 9*j + 20. Let b be 2/((-1 - 168/(-176))/(8/32)). Give r(b).
163
Suppose 0*y - 2*y = -5*z + 110, 4*y - 4*z = -196. Let x = y - -47. Let j(v) = -3*v + 0 + 1 - 5 + 2*v - v**x. Give j(0).
-4
Let s(r) = r - 12. Suppose 124*j - 116*j = 56. Suppose -135 = -j*n - 8*n. Calculate s(n).
-3
Let d(x) = -4*x - 6. Let z(a) = -12*a - 117. Let w(s) = d(s) - z(s). Calculate w(-14).
-1
Let m(h) = -6*h**2 + 5*h - 15. Suppose -537*r + 555*r = 46 + 8. Calculate m(r).
-54
Let j(b) be the second derivative of 4*b**3/3 + 5*b**2/2 + 979*b. Give j(-5).
-35
Let k be (-228)/(-152)*(-8)/(-6). Let f(z) = z**2 - 13*z + 25. Determine f(k).
3
Let b(n) = 5*n**3 + 13*n**2 + 26*n - 2. Let m(v) = -2*v**3 - 5*v**2 - 10*v + 1. Let p(k) = 3*b(k) + 8*m(k). Calculate p(0).
2
Let d(c) = -c + 10. Let y(a) = -11 - 7*a + 7*a - 19*a + a**2. Let s be y(20). Suppose -s*w + 80 = 8. What 